vide 393288?
True
Does 11 divide 124444?
False
Is 786005 a multiple of 461?
True
Is 331467 a multiple of 313?
True
Is 1322241 a multiple of 534?
False
Does 319 divide 76241?
True
Is 4 a factor of 23378?
False
Is 388038 a multiple of 59?
False
Is 55 a factor of 700920?
True
Is 2178192 a multiple of 12?
True
Is 357 a factor of 798618?
False
Is 2319799 a multiple of 22?
False
Does 61 divide 1661659?
False
Does 1513 divide 10406053?
False
Is 87 a factor of 35760?
False
Does 435 divide 1231932?
False
Is 6 a factor of 538212?
True
Is 441 a factor of 4174909?
False
Does 98 divide 1404046?
True
Does 389 divide 1092312?
True
Is 75764 a multiple of 13?
True
Is 419 a factor of 237472?
False
Does 881 divide 3989834?
False
Is 79586 a multiple of 191?
False
Is 23 a factor of 11604?
False
Is 87 a factor of 1717325?
False
Does 81 divide 1326420?
False
Is 6865625 a multiple of 13?
True
Is 90 a factor of 39161?
False
Does 12 divide 2967720?
True
Is 315438 a multiple of 68?
False
Is 1099 a factor of 10271254?
True
Is 155054 a multiple of 7?
False
Does 93 divide 1009775?
False
Is 5335484 a multiple of 17?
True
Does 149 divide 2542566?
False
Is 159 a factor of 114568?
False
Is 103359 a multiple of 93?
False
Is 256 a factor of 5844736?
True
Does 575 divide 528425?
True
Is 161208 a multiple of 12?
True
Does 5 divide 1416040?
True
Is 9 a factor of 13381839?
True
Does 1158 divide 1479924?
True
Does 46 divide 130920?
False
Does 24 divide 10845504?
True
Is 9 a factor of 53631?
True
Does 78 divide 999648?
True
Is 14834170 a multiple of 65?
True
Does 147 divide 130683?
True
Is 11 a factor of 2039508?
False
Is 91076 a multiple of 315?
False
Is 602259 a multiple of 241?
True
Is 368202 a multiple of 218?
True
Is 7 a factor of 4425?
False
Is 209742 a multiple of 78?
True
Is 12 a factor of 2634711?
False
Is 11 a factor of 193259?
True
Is 425 a factor of 208250?
True
Does 49 divide 315058?
False
Is 1765575 a multiple of 295?
True
Is 2520809 a multiple of 1195?
False
Is 94130 a multiple of 7?
False
Is 107642 a multiple of 2?
True
Is 989070 a multiple of 23?
False
Is 359388 a multiple of 35?
False
Does 22 divide 4418581?
False
Does 56 divide 179088?
True
Is 10 a factor of 2040610?
True
Is 155 a factor of 341955?
False
Does 24 divide 148337?
False
Is 431419 a multiple of 43?
True
Is 263856 a multiple of 276?
True
Does 10 divide 1575310?
True
Is 90 a factor of 2077200?
True
Is 222767 a multiple of 2?
False
Is 586 a factor of 6288715?
False
Does 316 divide 20113084?
True
Does 670 divide 312890?
True
Is 13 a factor of 3029?
True
Does 13 divide 202581?
False
Does 24 divide 30192?
True
Does 20 divide 42708?
False
Is 25392 a multiple of 3?
True
Is 10 a factor of 3747150?
True
Is 6 a factor of 606716?
False
Does 81 divide 1593963?
False
Does 73 divide 6777174?
True
Does 39 divide 6919356?
False
Is 3045357 a multiple of 41?
True
Is 7 a factor of 144075?
False
Does 6 divide 6627?
False
Is 66 a factor of 407212?
False
Is 1232640 a multiple of 720?
True
Is 192 a factor of 89447?
False
Is 10 a factor of 1744990?
True
Is 568 a factor of 645816?
True
Does 35 divide 550340?
True
Is 2416831 a multiple of 204?
False
Does 78 divide 82290?
True
Is 11 a factor of 1958319?
True
Is 250 a factor of 184688?
False
Does 37 divide 226879?
False
Is 6468714 a multiple of 54?
True
Is 342 a factor of 398772?
True
Does 4 divide 20598?
False
Is 28466 a multiple of 7?
False
Is 87 a factor of 2077995?
True
Does 150 divide 241500?
True
Is 2171 a factor of 3397615?
True
Does 75 divide 42600?
True
Does 341 divide 374077?
True
Does 32 divide 1581496?
False
Does 519 divide 57289?
False
Is 634 a factor of 7879814?
False
Does 417 divide 535011?
True
Is 10 a factor of 882758?
False
Does 18 divide 103392?
True
Is 10548252 a multiple of 683?
True
Does 15 divide 2484594?
False
Is 107749 a multiple of 107?
True
Does 31 divide 177377?
False
Does 72 divide 117925?
False
Is 39 a factor of 2523768?
True
Does 91 divide 3147264?
False
Does 15 divide 444225?
True
Is 117336 a multiple of 28?
False
Does 22 divide 41307?
False
Does 3 divide 967877?
False
Does 43 divide 74519?
True
Is 64892 a multiple of 17?
False
Is 1085469 a multiple of 33?
True
Does 6 divide 325164?
True
Is 102256 a multiple of 44?
True
Is 1122660 a multiple of 693?
True
Is 430 a factor of 226610?
True
Is 303 a factor of 2071611?
True
Is 16350747 a multiple of 341?
False
Is 136 a factor of 2819162?
False
Is 105964 a multiple of 449?
True
Is 2152955 a multiple of 5?
True
Does 118 divide 20790066?
True
Is 1625436 a multiple of 630?
False
Is 10 a factor of 814380?
True
Does 13 divide 1975922?
True
Is 43 a factor of 2129659?
False
Does 177 divide 122758?
False
Is 807 a factor of 16146456?
True
Is 29 a factor of 5642994?
True
Does 234 divide 2479698?
True
Does 31 divide 16740?
True
Does 31 divide 448601?
True
Is 3675198 a multiple of 265?
False
Is 68460 a multiple of 70?
True
Is 60118 a multiple of 8?
False
Does 26 divide 248941?
False
Is 2550711 a multiple of 15?
False
Is 50940 a multiple of 283?
True
Is 3 a factor of 19212?
True
Does 29 divide 227621?
True
Is 80 a factor of 29562?
False
Does 14 divide 110846?
False
Is 285133 a multiple of 355?
False
Does 184 divide 4066775?
False
Does 81 divide 51706?
False
Does 114 divide 14478?
True
Does 427 divide 2638499?
False
Does 75 divide 933793?
False
Does 35 divide 274295?
True
Is 25 a factor of 145475?
True
Is 229407 a multiple of 141?
True
Does 973 divide 22880095?
True
Does 21 divide 421795?
False
Is 19 a factor of 3436346?
False
Does 153 divide 106794?
True
Is 7273548 a multiple of 18?
True
Does 11 divide 577379?
True
Is 12 a factor of 130757?
False
Is 6 a factor of 122748?
True
Is 72429 a multiple of 14?
False
Is 289 a factor of 221344?
False
Does 13 divide 26309633?
False
Is 41 a factor of 411230?
True
Is 37275 a multiple of 7?
True
Does 7 divide 1140397?
False
Is 1000133 a multiple of 600?
False
Is 36 a factor of 1695993?
False
Is 831901 a multiple of 7?
True
Is 8 a factor of 111358?
False
Does 56 divide 693336?
True
Is 3164808 a multiple of 24?
True
Is 327 a factor of 12426981?
True
Is 30 a factor of 2073700?
False
Is 148 a factor of 279572?
True
Does 69 divide 26645040?
True
Is 100162 a multiple of 7?
False
Is 39572 a multiple of 916?
False
Does 37 divide 196322?
True
Does 81 divide 600858?
True
Is 2312567 a multiple of 12?
False
Is 37 a factor of 533180?
False
Is 323220 a multiple of 15?
True
Does 15 divide 356115?
True
Is 27 a factor of 706131?
True
Does 7 divide 121940?
True
Is 3416707 a multiple of 3?
False
Does 243 divide 1659204?
True
Does 68 divide 5778347?
False
Is 17 a factor of 1093508?
True
Does 343 divide 7145513?
False
Does 114 divide 9719836?
False
Does 92 divide 68264?
True
Does 13 divide 138305?
False
Does 55 divide 1702965?
True
Does 16 divide 550288?
True
Is 831648 a multiple of 48?
True
Does 38 divide 5302368?
True
Is 66612 a multiple of 7?
True
Is 14 a factor of 96390?
True
Is 3042167 a multiple of 8?
False
Is 2 a factor of 701078?
True
Is 29 a factor of 11484?
True
Does 30 divide 179760?
True
Is 31 a factor of 110967?
False
Does 54 divide 1279511?
False
Is 107 a factor of 281493?
False
Is 11 a factor of 1589478?
True
Is 15603922 a multiple of 93?
False
Is 190 a factor of 713260?
True
Is 1210880 a multiple of 88?
True
Is 384 a factor of 2984064?
True
Is 147653 a multiple of 341?
True
Is 36 a factor of 3717166?
False
Is 628 a factor of 432849?
False
Is 639603 a multiple of 22?
False
Is 6 a factor of 42218?
False
Is 931072 a multiple of 21?
False
Is 70249 a multiple of 52?
False
Does 130 divide 446722?
False
Is 55211 a multiple of 31?
True
Is 11 a factor of 1994630?
True
Is 95 a factor of 184965?
True
Is 585 a factor of 1381652?
False
Is 419219 a multiple of 16?
False
Is 9034897 a multiple of 53?
False
Is 924 a factor of 7645176?
True
Is 541 a factor of 348945?
True
Is 63 a factor of 171519?
False
Is 14 a factor of 19390?
True
Does 818 divide 567244?
False
Is 468 a factor of 1050342?
False
Is 3 a factor of 1067655?
True
Is 498198 a multiple of 43?
True
Does 22 divide 105169?
False
Is 134444 a multiple of 54?
False
Is 358 a factor of 1894607?
False
Is 475125 a multiple of 5?
True
Is 6573969 a multiple of 11?
False
Does 18 divide 8998205?
False
Does 73 divide 936006?
True
Is 603 a factor of 129042?